{"id":782,"date":"2025-05-07T16:29:51","date_gmt":"2025-05-07T14:29:51","guid":{"rendered":"https:\/\/breizh-alec.lennycopau.fr\/?page_id=782"},"modified":"2025-09-23T10:27:14","modified_gmt":"2025-09-23T08:27:14","slug":"ambition-climat-bretagne","status":"publish","type":"page","link":"https:\/\/breizh-alec.lennycopau.fr\/index.php\/ambition-climat-bretagne\/","title":{"rendered":"Ambition Climat Bretagne"},"content":{"rendered":"\t\t<div data-elementor-type=\"wp-page\" data-elementor-id=\"782\" class=\"elementor elementor-782\" data-elementor-post-type=\"page\">\n\t\t\t\t<div class=\"elementor-element elementor-element-1fd6d302 e-flex e-con-boxed e-con e-parent\" data-id=\"1fd6d302\" data-element_type=\"container\">\n\t\t\t\t\t<div class=\"e-con-inner\">\n\t\t<div class=\"elementor-element elementor-element-4cafaef e-con-full e-flex e-con e-child\" data-id=\"4cafaef\" data-element_type=\"container\">\n\t\t\t\t<div class=\"elementor-element elementor-element-a903c24 elementor-widget elementor-widget-shortcode\" data-id=\"a903c24\" data-element_type=\"widget\" data-widget_type=\"shortcode.default\">\n\t\t\t\t<div class=\"elementor-widget-container\">\n\t\t\t\t\t\t\t<div class=\"elementor-shortcode\"><nav class=\"fil-ariane\"><a href=\"https:\/\/breizh-alec.lennycopau.fr\">Accueil<\/a> &rarr; <\/nav><\/div>\n\t\t\t\t\t\t<\/div>\n\t\t\t\t<\/div>\n\t\t\t\t<div class=\"elementor-element elementor-element-40ec694 elementor-widget elementor-widget-shortcode\" data-id=\"40ec694\" data-element_type=\"widget\" data-widget_type=\"shortcode.default\">\n\t\t\t\t<div class=\"elementor-widget-container\">\n\t\t\t\t\t\t\t<div class=\"elementor-shortcode\"><nav class=\"rubrique-menu\"><\/nav><\/div>\n\t\t\t\t\t\t<\/div>\n\t\t\t\t<\/div>\n\t\t\t\t<div class=\"elementor-element elementor-element-c656c45 elementor-hidden-tablet elementor-hidden-mobile elementor-widget elementor-widget-image\" data-id=\"c656c45\" data-element_type=\"widget\" data-widget_type=\"image.default\">\n\t\t\t\t<div class=\"elementor-widget-container\">\n\t\t\t\t\t\t\t\t\t\t\t\t\t\t\t<img decoding=\"async\" src=\"https:\/\/breizh-alec.lennycopau.fr\/wp-content\/plugins\/elementor\/assets\/images\/placeholder.png\" title=\"\" alt=\"\" loading=\"lazy\" \/>\t\t\t\t\t\t\t\t\t\t\t\t\t\t\t<\/div>\n\t\t\t\t<\/div>\n\t\t\t\t<div class=\"elementor-element elementor-element-85e4440 elementor-widget__width-inherit elementor-widget elementor-widget-heading\" data-id=\"85e4440\" data-element_type=\"widget\" data-widget_type=\"heading.default\">\n\t\t\t\t<div class=\"elementor-widget-container\">\n\t\t\t\t\t<h1 class=\"elementor-heading-title elementor-size-default\">Climat, air et \u00c9nergie : accompagner les collectivit\u00e9s bretonnes<\/h1>\t\t\t\t<\/div>\n\t\t\t\t<\/div>\n\t\t\t\t<\/div>\n\t\t\t\t<div class=\"elementor-element elementor-element-e157691 elementor-widget elementor-widget-text-editor\" data-id=\"e157691\" data-element_type=\"widget\" data-widget_type=\"text-editor.default\">\n\t\t\t\t<div class=\"elementor-widget-container\">\n\t\t\t\t\t\t\t\t\t<p>Depuis octobre 2022, Breizh ALEC s\u2019engage sur les th\u00e9matiques climat air et \u00e9nergie, en\u00a0animant le\u00a0r\u00e9seau Plan Climat\u00a0et en\u00a0accompagnant les territoires bretons sur l\u2019adaptation au changement climatique. Ces deux missions sont co-financ\u00e9es par l\u2019Union Europ\u00e9enne, dans le cadre du\u00a0<a href=\"https:\/\/www.europe-en-france.gouv.fr\/fr\/fonds-europeens-2014-2020\/fonds-europeen-developpement-regional-feder\">Fonds europ\u00e9en de d\u00e9veloppement r\u00e9gional (FEDER)<\/a>, et par l\u2019ADEME.<\/p>\n<p><!-- \/wp:paragraph --><!-- wp:heading --><\/p>\n<h2>Animation du r\u00e9seau Plan Climat<\/h2>\n<p><!-- \/wp:heading --><!-- wp:paragraph --><\/p>\n<p>Le r\u00e9seau Plan Climat est un espace d\u2019\u00e9change et d\u2019entraide entre les technicien\u00b7nes breton\u00b7nes sp\u00e9cialis\u00e9\u00b7es sur les enjeux du climat, de la qualit\u00e9 de l\u2019air et de l\u2019\u00e9nergie. Il regroupe principalement les agent\u00b7es en charge du Plan Climat Air \u00c9nergie Territorial (PCAET), au sein des collectivit\u00e9s de la R\u00e9gion Bretagne. Le r\u00e9seau s\u2019appuie \u00e9galement sur d\u2019autres d\u2019acteurs, tels que des repr\u00e9sentant\u00b7es des DDTM, des Syndicats D\u00e9partementaux de l\u2019\u00c9nergie, des chambres consulaires, de <a href=\"https:\/\/bretagne-environnement.fr\/\">l\u2019OEB<\/a>\u00a0et de\u00a0<a href=\"https:\/\/www.airbreizh.asso.fr\/\">Airbreizh<\/a>.<br \/>Le r\u00e9seau est anim\u00e9 par Breizh ALEC et pilot\u00e9 par la\u00a0<a href=\"https:\/\/www.bretagne.developpement-durable.gouv.fr\/\">DREAL<\/a>, l\u2019<a href=\"https:\/\/www.ademe.fr\/\">ADEME<\/a>\u00a0et la\u00a0<a href=\"https:\/\/www.bretagne.bzh\/\">R\u00e9gion Bretagne<\/a>, dans le cadre de la strat\u00e9gie r\u00e9gionale\u00a0Ambition Climat \u00c9nergie.<br \/>L\u2019objectif du r\u00e9seau est d\u2019accompagner la mont\u00e9e en comp\u00e9tence des territoires, de diffuser des informations d\u2019actualit\u00e9 et de favoriser le partage d\u2019exp\u00e9rience et la solidarit\u00e9 r\u00e9gionale sur les th\u00e9matiques climat, air et \u00e9nergie, en :<\/p>\n<p><!-- \/wp:paragraph --><!-- wp:list --><\/p>\n<ul>\n<li style=\"list-style-type: none;\">\n<ul><!-- wp:list-item --><\/ul>\n<\/li>\n<\/ul>\n<ul>\n<li style=\"list-style-type: none;\">\n<ul>\n<li>organisant des rencontres r\u00e9gionales th\u00e9matiques et des webinaires ;<\/li>\n<\/ul>\n<\/li>\n<\/ul>\n<p><!-- \/wp:list-item --><!-- wp:list-item --><\/p>\n<ul>\n<li style=\"list-style-type: none;\">\n<ul>\n<li>diffusant de l\u2019information en continu via la plateforme interne au r\u00e9seau Liamm ;<\/li>\n<\/ul>\n<\/li>\n<\/ul>\n<p><!-- \/wp:list-item --><!-- wp:list-item --><\/p>\n<ul>\n<li style=\"list-style-type: none;\">\n<ul>\n<li>pr\u00e9parant des supports de diffusion de retours d\u2019exp\u00e9rience sous la forme de fiches projets.<\/li>\n<\/ul>\n<\/li>\n<\/ul>\n<p><!-- \/wp:list-item --><\/p>\n<p><!-- \/wp:list --><!-- wp:paragraph --><\/p>\n<p>Afin de pr\u00e9server l\u2019ambiance conviviale du r\u00e9seau, l\u2019\u00e9quipe d\u2019animation propose aussi des caf\u00e9s climat virtuels, pour des moments d\u2019\u00e9changes informels entre les charg\u00e9\u00b7es du plan climat dans les EPCI.<\/p>\n<p><!-- \/wp:html --><!-- wp:heading {\"level\":3} --><\/p>\n<h3>Le PCAET, k\u00e9sako ?<\/h3>\n<p><!-- \/wp:heading --><!-- wp:paragraph --><\/p>\n<p><span style=\"font-weight: 400;\">Le Plan Climat Air \u00c9nergie Territorial est un outil de planification territorial qui d\u00e9finit la strat\u00e9gie et le plan d\u2019actions d\u2019un territoire sur plusieurs th\u00e9matiques : qualit\u00e9 de l\u2019air, r\u00e9duction des \u00e9missions de gaz \u00e0 effet de serre (GES) et adaptation au changement climatique.<\/span><\/p>\n<p><span style=\"font-weight: 400;\">Le PCAET est port\u00e9 par les EPCI et vise \u00e0 mobiliser l\u2019ensemble des acteurs du territoire autour d\u2019un projet de transition \u00e9nerg\u00e9tique et \u00e9cologique. L\u2019\u00e9laboration d\u2019un PCAET est obligatoire pour les EPCI de plus de\u00a0<\/span><b>20 000<\/b><span style=\"font-weight: 400;\">\u00a0habitant\u00b7es, soit\u00a0<\/span><b>50 EPCI<\/b><span style=\"font-weight: 400;\">\u00a0en Bretagne.<\/span><\/p>\n<p><!-- \/wp:paragraph --><!-- wp:heading --><\/p>\n<h2><b>L\u2019adaptation au changement climatique<\/b><\/h2>\n<p><span style=\"font-weight: 400;\">Dans la pratique, les diff\u00e9rentes th\u00e9matiques du PCAET ne sont pas trait\u00e9es de mani\u00e8re \u00e9gale. En effet, les PCAET mettent davantage l\u2019accent sur les actions de r\u00e9duction des \u00e9missions de GES et moins sur la r\u00e9duction de la vuln\u00e9rabilit\u00e9 des territoires aux impacts du changement climatique (s\u00e9cheresses, inondations, etc.) via des actions d\u2019adaptation.<\/span><\/p>\n<p><span style=\"font-weight: 400;\">Pour r\u00e9\u00e9quilibrer la balance et souligner l\u2019urgence \u00e0 s\u2019adapter, l\u2019animation du r\u00e9seau s\u2019accompagne d\u2019une mission sur l\u2019adaptation au changement climatique :<\/span><\/p>\n<ul>\n<li style=\"font-weight: 400;\" aria-level=\"1\"><span style=\"font-weight: 400;\">Animation de la th\u00e9matique au sein du r\u00e9seau Plan Climat notamment via un groupe d\u2019\u00e9change d\u00e9di\u00e9 et un accompagnement collectif des charg\u00e9.es de mission PCAET\u00a0<\/span><\/li>\n<li style=\"font-weight: 400;\" aria-level=\"1\"><span style=\"font-weight: 400;\">Accompagnement de la mont\u00e9e en comp\u00e9tences de l\u2019ensemble des agent.e.s\u00a0 via l\u2019acculturation et la sensibilisation, et notamment l\u2019organisation des Rencontres de l\u2019Adaptation au changement climatique\u00a0<\/span><\/li>\n<li style=\"font-weight: 400;\" aria-level=\"1\"><span style=\"font-weight: 400;\">Accompagner individuellement les projets des ECPI sur la th\u00e9matique de l\u2019adaptation au changement climatique\u00a0<\/span><\/li>\n<li style=\"font-weight: 400;\" aria-level=\"1\"><span style=\"font-weight: 400;\">Accompagner le d\u00e9ploiement d\u2019une mission adaptation dans certaines ALEC bretonnes pour amplifier la dynamique et l\u2019accompagnement des collectivit\u00e9s <\/span><\/li>\n<\/ul>\n<figure>\n<p><!-- \/wp:image --><\/p>\n<\/figure>\n<p><!-- \/wp:gallery --><!-- wp:html --><\/p>\n<div>\n<h2>Qui contacter ?<\/h2>\n<div>\n<h3>L\u00e9onie Chatain | Charg\u00e9e de mission climat<\/h3>\n<p><a href=\"mailto:leonie.chatain@breizh-alec.bzh\"> leonie.chatain@breizh-alec.bzh <\/a> <a href=\"tel:\"> 02 56 85 89 72 <\/a><\/p>\n<\/div>\n<div>\n<h3>Lucile Fauviaux | Charg\u00e9e de mission climat<\/h3>\n<p><a href=\"mailto:leonie.chatain@breizh-alec.bzh\"> leonie.chatain@breizh-alec.bzh<\/a> <a href=\"tel:\"> 02 56 85 89 72 <\/a><\/p>\n<\/div>\n<\/div>\n<p><!-- \/wp:html --><\/p>\t\t\t\t\t\t\t\t<\/div>\n\t\t\t\t<\/div>\n\t\t\t\t\t<\/div>\n\t\t\t\t<\/div>\n\t\t\t\t<\/div>\n\t\t","protected":false},"excerpt":{"rendered":"<p>Climat, air et \u00c9nergie : accompagner les collectivit\u00e9s bretonnes Depuis octobre 2022, Breizh ALEC s\u2019engage sur les th\u00e9matiques climat air et \u00e9nergie, en\u00a0animant le\u00a0r\u00e9seau Plan Climat\u00a0et en\u00a0accompagnant les territoires bretons sur l\u2019adaptation au changement climatique. Ces deux missions sont co-financ\u00e9es par l\u2019Union Europ\u00e9enne, dans le cadre du\u00a0Fonds europ\u00e9en de d\u00e9veloppement r\u00e9gional (FEDER), et par l\u2019ADEME. [&hellip;]<\/p>\n","protected":false},"author":1,"featured_media":0,"parent":0,"menu_order":0,"comment_status":"closed","ping_status":"closed","template":"","meta":{"footnotes":""},"class_list":["post-782","page","type-page","status-publish","hentry"],"_links":{"self":[{"href":"https:\/\/breizh-alec.lennycopau.fr\/index.php\/wp-json\/wp\/v2\/pages\/782","targetHints":{"allow":["GET"]}}],"collection":[{"href":"https:\/\/breizh-alec.lennycopau.fr\/index.php\/wp-json\/wp\/v2\/pages"}],"about":[{"href":"https:\/\/breizh-alec.lennycopau.fr\/index.php\/wp-json\/wp\/v2\/types\/page"}],"author":[{"embeddable":true,"href":"https:\/\/breizh-alec.lennycopau.fr\/index.php\/wp-json\/wp\/v2\/users\/1"}],"replies":[{"embeddable":true,"href":"https:\/\/breizh-alec.lennycopau.fr\/index.php\/wp-json\/wp\/v2\/comments?post=782"}],"version-history":[{"count":13,"href":"https:\/\/breizh-alec.lennycopau.fr\/index.php\/wp-json\/wp\/v2\/pages\/782\/revisions"}],"predecessor-version":[{"id":1081,"href":"https:\/\/breizh-alec.lennycopau.fr\/index.php\/wp-json\/wp\/v2\/pages\/782\/revisions\/1081"}],"wp:attachment":[{"href":"https:\/\/breizh-alec.lennycopau.fr\/index.php\/wp-json\/wp\/v2\/media?parent=782"}],"curies":[{"name":"wp","href":"https:\/\/api.w.org\/{rel}","templated":true}]}}